ase 13?
-b5188
Convert 1144002112 (base 5) to base 15.
38a98c
Convert 8861833 (base 9) to base 8.
22132025
-5513102 (base 7) to base 3
-1021022222012
Convert -11020021210112 (base 3) to base 15.
-2e67eb
What is 1211212120212 (base 3) in base 11?
6105a0
1153113 (base 10) to base 8
4314131
Convert -9a4682 (base 14) to base 16.
-4fe86a
Convert -19d57a (base 15) to base 5.
-310310430
What is 11001001011101 (base 2) in base 8?
31135
What is 121123 (base 8) in base 11?
29248
Convert -4d438 (base 14) to base 13.
-68736
2256117 (base 8) to base 4
2111301033
What is -71347 (base 16) in base 10?
-463687
-3e37d (base 15) to base 10
-199918
What is -3688a3 (base 13) in base 14?
-25d48a
194705 (base 15) to base 14
2403cc
3205402 (base 7) to base 3
201201212221
What is 1101010101101110010 (base 2) in base 8?
1525562
What is -35bdf (base 16) in base 4?
-311233133
7097d (base 14) to base 5
32131122
-13b593 (base 16) to base 4
-10323112103
6178a (base 11) to base 14
24bb4
-814b4 (base 14) to base 5
-34423024
What is 4a361a (base 11) in base 15?
10a9d9
What is 101112011201 (base 3) in base 2?
110010100100111011
Convert -354013 (base 10) to base 12.
-150a51
Convert -2523346 (base 7) to base 8.
-1173341
11035545 (base 8) to base 15
31d851
553431 (base 6) to base 4
23101123
Convert -417033 (base 9) to base 15.
-4d6b0
135a392 (base 11) to base 16
23bb3d
Convert 2124 (base 14) to base 13.
27a9
-938351 (base 10) to base 14
-1a5d71
Convert 1076177 (base 9) to base 11.
368204
-12451331 (base 7) to base 9
-2124755
20022222112 (base 3) to base 5
12442041
What is 2021120121 (base 3) in base 4?
22331122
-1100000100111000000 (base 2) to base 12
-171000
What is 602775 (base 12) in base 13?
40582a
Convert 322013133003 (base 4) to base 16.
e877c3
Convert -3588393 (base 11) to base 14.
-b89067
What is 221211202020 (base 4) in base 9?
22455213
-881233 (base 12) to base 13
-5a76a1
What is -222421220 (base 5) in base 11?
-611340
-2112020111021 (base 3) to base 12
-549374
-17445646 (base 9) to base 2
-100001011101000010000101
Convert 8605219 (base 11) to base 5.
12334130321
What is 26025 (base 8) in base 4?
2300111
Convert -178968 (base 10) to base 13.
-635ca
3070101 (base 8) to base 10
815169
-1000110011011000000111 (base 2) to base 6
-121243143
-1403403233 (base 5) to base 16
-368e93
What is -28b8b40 (base 12) in base 15?
-ac16d6
What is 795c21 (base 13) in base 4?
22330132110
-10110100000010100110 (base 2) to base 16
-b40a6
What is 2680022 (base 9) in base 12?
5aa618
-3013334 (base 5) to base 4
-23231201
What is -213311150 (base 6) in base 4?
-32200232022
-104108 (base 11) to base 3
-22110101211
What is 1021200122112 (base 3) in base 2?
10100110101101000001
-1152111 (base 7) to base 3
-21110221000
What is 22524442 (base 6) in base 13?
1b4868
What is -11101100110101100101101 (base 2) in base 5?
-3441320220
What is 22042003 (base 7) in base 16?
1ce145
Convert -31457625 (base 9) to base 15.
-14e555b
Convert -102756 (base 10) to base 13.
-37a04
311050521 (base 6) to base 8
24374321
What is -1122020011220 (base 3) in base 6?
-30354210
Convert 9195 (base 16) to base 9.
56110
What is -569ec8 (base 15) in base 6?
-224340242
What is -115711 (base 11) in base 14?
-4aaa2
Convert 202654 (base 9) to base 12.
595b7
1a9258 (base 12) to base 13
136b65
Convert -2276236 (base 9) to base 11.
-771254
What is 233220333 (base 4) in base 7?
1441623
Convert 304995 (base 11) to base 14.
ca646
What is 5a15d (base 15) in base 4?
1012013110
Convert 9d036 (base 14) to base 12.
164908
Convert 10035402 (base 6) to base 4.
1011211322
What is -10902809 (base 10) in base 15?
-e556de
Convert -1001110102222 (base 3) to base 9.
-1043388
13687680 (base 9) to base 12
23352b3
What is 76024 (base 11) in base 12?
53b43
111f6 (base 16) to base 5
4221014
-2b4586 (base 12) to base 10
-733494
2a922 (base 13) to base 12
3a801
What is a2232a (base 15) in base 2?
11101011000011111000001
Convert -3422002204 (base 5) to base 6.
-431033555
What is -10114550 (base 6) in base 9?
-481823
Convert -666081 (base 11) to base 10.
-1062227
739a4 (base 14) to base 12
1155a4
Convert 182372 (base 15) to base 5.
300000112
Convert 21002421 (base 6) to base 2.
10010100001110001101
100010220210 (base 3) to base 12
88203
15c0c7 (base 14) to base 12
30967b
What is -5c3a93 (base 13) in base 11?
-1278668
What is -340524 (base 6) in base 16?
-7024
Convert -1001101001100001010010 (base 2) to base 6.
-130114002
1314122 (base 8) to base 16
59852
ade08 (base 15) to base 8
2070503
Convert -152555111 (base 6) to base 12.
-10b2a97
-1011110002110 (base 3) to base 14
-121815
Convert 432637 (base 9) to base 16.
3ef41
Convert 194234 (base 14) to base 7.
10415164
Convert -3c86a (base 13) to base 7.
-651603
12123023310 (base 4) to base 12
6927b0
-1002122120222 (base 3) to base 5
-122134011
What is -d21e (base 16) in base 11?
-37460
-1594025 (base 10) to base 15
-217485
-1000301550 (base 6) to base 9
-21005523
-12513011 (base 6) to base 13
-116623
Convert 1084653 (base 9) to base 15.
b9089
-67328 (base 12) to base 11
-93a04
Convert -2332d91 (base 14) to base 15.
-171b8a5
Convert -1091676 (base 13) to base 5.
-2300242131
340564 (base 7) to base 6
1143124
Convert -1ea4e (base 15) to base 16.
-18767
Convert 21661 (base 11) to base 2.
111101010101110
Convert -1714325 (base 10) to base 14.
-328a7b
132233101 (base 4) to base 5
13012110
What is 134240003 (base 5) in base 2?
10101001111110111101
What is -3330415 (base 7) in base 9?
-685431
What is -3424847 (base 9) in base 10?
-1847248
204200010 (base 5) to base 7
10140102
938759 (base 12) to base 14
444353
-4115011 (base 7) to base 8
-1700007
611074 (base 13) to base 2
1000100111011010110011
Convert -373386 (base 11) to base 14.
-115094
What is 35b30 (base 12) in base 6?
1315300
-2333376 (base 8) to base 16
-9b6fe
99a05 (base 16) to base 3
1011222011200
2122221122212 (base 3) to base 7
15015602
Convert -da1164 (base 14) to base 13.
-16b4819
What is -51ea2 (base 15) in base 4?
-333123122
-6858a1 (base 11) to base 9
-2042718
What is 48457 (base 13) in base 12?
64874
-72507 (base 9) to base 15
-e267
What is 538503 (base 10) in base 7?
4401660
What is 6563 (base 16) in base 8?
62543
What is -332736 (base 8) in base 13?
-3c038
What is -14310440 (base 5) in base 6?
-3121521
What is -1421477 (base 8) in base 6?
-12342115
What is -250023502 (base 6) in base 11?
-2763015
What is -1b52b06 (base 13) in base 4?
-202203330000
3debc3 (base 16) to base 5
2014324201
-92623 (base 11) to base 13
-496b8
Convert -7778b1 (base 14) to base 11.
-231a320
What is 150236 (base 7) in base 12?
148b5
101010110110010001 (base 2) to base 10
175505
667c5b (base 13) to base 10
2416607
What is -161d5 (base 16) in base 3?
-11121020212
-93b30 (base 13) to base 16
-40d42
-1101010011111011010100 (base 2) to base 16
-353ed4
What is 2031110100 (base 4) in base 8?
2152420
556713 (base 8) to base 13
67671
Convert 1665206 (base 9) to base 10.
928914
What is -d5965 (base 16) in base 12?
-362345
Convert -33513 (base 7) to base 2.
-10000100100111
20101121111 (base 3) to base 9
211544
What is -34881f (base 16) in base 2?
-1101001000100000011111
What is 23a3d8 (base 14) in base 11?
762a36
Convert 3beccd (base 16) to base 6.
220101405
3283 (base 16) to base 13
5b69
Convert 29255c (base 15) to base 12.
7b7229
What is -8b40da (base 16) in base 5?
-4314013411
12a6269 (base 11) to base 15
2e62bb
2430521 (base 8) to base 4
2203011101
What is 30444420 (base 6) in base 5?
211031431
Convert 12536 (base 15) to base 9.
88276
Convert -14601 (base 16) to base 9.
-136430
What is 537318 (base 12) in base 15?
1b0bcb
-45500451 (base 6) to base 16
-153dcf
-a2b17 (base 16) to base 10
-666391
Convert 5531012 (base 6) to base 2.
1000011011100110000
What is 100000101001100101 (base 2) in base 6?
2511045
What is -152068 (base 9) in base 13?
-33668
Convert 2413 (base 11) to base 9.
4301
Convert a414b0 (base 12) to base 2.
1001110100010110000100
What is 13062406 (base 7) in base 16?
122f68
What is -23000213 (base 4) in base 6?
-544435
What is 9a4a1 (base 14) in base 16?
5b55d
-1130303010 (base 4) to base 7
-3142110
Convert 12012122200 (base 3) to base 6.
2110413
What is -1d190 (base 15) in base 9?
-154110
Convert 363103 (base 11) to base 4.
2030122030
What is 1180832 (base 10) in base 16